ose 2046 = 8*r - 3058. Suppose -2*q + r = 4*t, 4*q + 3*t - 2*t = 1269. What is the tens digit of q?
1
Suppose 132 - 130 = j. What is the units digit of 4*(-1)/2 + (j - -1664)?
4
Suppose 8*g - 4*g = d - 7, 0 = -g - 4. Let t(n) = -n + 20. Let h be t(d). Suppose -3*y + 5*k + 89 = -h, 3*y = 3*k + 120. What is the units digit of y?
1
Suppose 3*l - 5*l = 3*k - 61761, 5*l - 154441 = -2*k. What is the tens digit of l?
9
Suppose -32*z = 27563 - 135947. What is the hundreds digit of z?
3
Let u be (-3)/9 + 42712/57. Suppose 51 - 12 = 3*o. Suppose -20*c = -o*c - u. What is the tens digit of c?
0
Let v(w) = -2*w**2 + 331*w - 46. What is the units digit of v(32)?
8
Let s = -81 + 70. Let y(z) = -26*z**2 + 7*z + 7. Let k be y(s). What is the tens digit of (k/(-20))/6 + (-1)/(-5)?
2
Let k = 223 + -221. What is the tens digit of (k - -2)*(-190)/(-40)?
1
Let b(n) = n**2 - 24*n + 27. Let t be b(23). Suppose t*g - 20 = 0, -v + 2*g + 31 = -26. What is the units digit of v?
7
Let u(l) = 1320*l**2 + 22*l + 46. What is the thousands digit of u(-5)?
2
Let a(l) = 23*l + 36. Let j be a(-6). Let h = j - -332. What is the hundreds digit of h?
2
Let z = 257 - 271. What is the tens digit of z/8*(-2 - 218)?
8
Suppose -2*n - 3*i = -10858, -2*i + 3937 = -3*n + 20237. What is the tens digit of n?
3
Let v(a) = -1108*a + 1947. What is the units digit of v(-5)?
7
Suppose -10*w + 9648 = -3492. Suppose 0 = 4*j + 5*j - w. What is the units digit of j?
6
Suppose 0 = -3*r - 4*h + 152894, 0 = -2*r - 10*h + 7*h + 101927. What is the tens digit of r?
7
Let c(q) = -87*q + 393. What is the tens digit of c(-32)?
7
Suppose -16*c + 19424 = 4*c - 135896. What is the units digit of c?
6
Suppose -5*h + 27168 = 2*t, -41*t - 2*h - 67978 = -46*t. What is the units digit of t?
4
Let t(m) = 6*m + 1. Let v be t(-2). Let u(r) be the first derivative of -r**4/4 - 11*r**3/3 - 5*r**2/2 + 27*r + 889. What is the units digit of u(v)?
2
Let g(u) = -10 + 156 - u - 23 + 2*u. Let m be g(0). Let c = -28 + m. What is the tens digit of c?
9
Suppose -f + 361 = -0*f. Suppose -42*u + 39*u = 561. Let d = f + u. What is the tens digit of d?
7
Let s(h) = -h**2. Let k(v) = -360*v**2 - 3*v + 1. Let l(f) = -k(f) - 2*s(f). What is the hundreds digit of l(1)?
3
Suppose 0 = 76*k - 59389 - 64567. What is the thousands digit of k?
1
Suppose -h + 4513 = 3*q, -4*q + 2602 = -2*h - 3432. What is the thousands digit of q?
1
Let y = -508 - -501. What is the tens digit of y + 835 + 12/6?
3
Let w(b) = 3*b**2 + 4*b + 3. Let j = -54 + 64. What is the tens digit of w(j)?
4
Let c = -568 + 833. Suppose c*f - 14512 = 249*f. What is the tens digit of f?
0
Suppose 4*d + 33*m - 27*m = 48976, -16 = -2*m. What is the ten thousands digit of d?
1
Suppose -8*h + 1817 = 633. Let c = h - -540. What is the tens digit of c?
8
Let o be 36/(-108) - (-8)/(-6)*-2917. Let b = o - 2635. What is the tens digit of b?
5
Let c be (7/(-28))/((-2)/8). Suppose c = 2*h + 5. What is the units digit of (-183 + 0)*(3 + h + -2)?
3
Let n(o) = 2*o + 8. Suppose 3*j + 7 = -5. Let z be n(j). Suppose -2*r + 3*h = -z*r - 35, -4*r + 55 = -h. What is the tens digit of r?
1
Suppose f = -4*d - 79 - 120, f = -2*d - 97. Let c = -20 - d. Suppose 9*v - 14 = c. What is the units digit of v?
5
Suppose -121*r + 1434 = -1071478 - 333350. What is the tens digit of r?
2
Suppose -2*l - 5*p + 0*p + 9362 = 0, -4*p = 5*l - 23422. What is the units digit of l?
6
Let f = -37447 - -90376. What is the ten thousands digit of f?
5
Let b(i) be the second derivative of i**4/2 - 2*i**3/3 - 5*i**2 - 40*i. Let v be b(3). Let t = 11 + v. What is the units digit of t?
3
Suppose -3*k - 5*o = -41469, 58*k - 63*k = 4*o - 69115. Suppose 0 = -11*r - 12*r + k. What is the tens digit of r?
0
Let y(s) = -s**2 - 19*s - 61. Let v be y(-12). Suppose -14496 = v*n - 55*n. What is the hundreds digit of n?
4
What is the ten thousands digit of ((-88)/(-160))/(-11)*-8*(-3 + 34033)?
1
Suppose 26 - 94 = -3*p + 5*m, -4*m - 4 = 0. Let r = -12 + p. Suppose 0 = 6*b - r*b + 126. What is the units digit of b?
2
Let h be -5 - (7 - (2 + 431)). Suppose 5*p - 833 = 2*v, -5*p = 3*v - h - 392. What is the tens digit of p?
6
Let i be (-5)/5*-1970 + -7. Suppose -3*a = q - 1496, -4*a = 5*q - 10*q - i. What is the units digit of a?
7
Suppose 0 = -4*j - 4*v + 256, 3*j = j - 3*v + 131. Suppose 0*l + 74 = 5*l - 2*d, 4*l - j = d. Suppose -l*a + 79 = -15*a. What is the tens digit of a?
7
Let p(z) = 17*z**2 - 6*z + 11. Suppose 5*q + 3*q = 8. Let y(k) = k**2 + k - 1. Let x(l) = q*p(l) + 3*y(l). What is the units digit of x(2)?
2
Suppose 0 = -q - 0*s - 2*s + 2, 3*q - 10 = -4*s. Let b be (q/(-15))/(4/(-1640)). Suppose -b = -6*w + 406. What is the tens digit of w?
9
Suppose -3*i - 3*i + 18 = 0. Suppose -i*y - 29 = 4*f, 5*f - 6*y + 44 = -2*y. What is the units digit of 3 - ((-6)/f)/((-8)/96)?
2
Let b(s) = 23*s**2 - 5. Suppose 7*f + 36 = -2*f. Let y be b(f). Suppose -6*u = -3*u - y. What is the units digit of u?
1
Let b(c) = 170*c**2 - 7*c + 152. What is the ten thousands digit of b(-13)?
2
What is the tens digit of (292/(-584))/((-1)/40162)?
8
Let h(n) be the first derivative of 19*n**2/2 - 116*n + 167. What is the hundreds digit of h(30)?
4
Suppose 5*w = -5*b + 18520, 23*w - 20*w + b = 11108. What is the tens digit of w?
0
Suppose 2*l + 388 = 5*o, 3*o + 13*l - 237 = 10*l. What is the tens digit of 15354/o + (-8)/(-52)?
9
Let k be (7/(14/(-36)))/(-1). Let n = 14204 - 9636. What is the hundreds digit of 66/297 + n/k?
2
Let m(i) be the second derivative of -40*i**3/3 - 32*i**2 + 106*i. What is the hundreds digit of m(-8)?
5
Let f = -6021 + 7711. What is the tens digit of f?
9
Let t(u) = 28*u - 6. Suppose -2*x = m - 1 - 2, 4*x - 3*m = 31. What is the hundreds digit of t(x)?
1
Let b be 5*(-39 + ((-12)/(-1))/3). Let z = b + 381. What is the hundreds digit of z?
2
What is the thousands digit of (133/(-665))/(-2*(-1)/(-255010))?
5
Suppose -4*b = n - 23 + 5, -2*n = 2*b - 12. Suppose n*s - 8*s + 5970 = 0. What is the hundreds digit of s?
9
Let g(m) be the second derivative of 11*m**3/6 + 91*m**2/2 + 19*m - 4. What is the hundreds digit of g(21)?
3
Let t be (198/24 - 8) + 3774/8. Suppose 0 = 13*z - 9*z + t. Let v = z - -220. What is the units digit of v?
2
Let m(i) = 33*i**2 + 21*i - 52. Let h be m(9). Suppose 139*g - h = 134*g. What is the units digit of g?
2
Let b = 22 - 26. Let c be (128/6)/((-1)/(-3)) - b. Let u = c + 7. What is the units digit of u?
5
Suppose 74*q + 15 = 73*q. Let k(y) = y**2 - 17*y - 8. What is the hundreds digit of k(q)?
4
Let q = -92 + 95. Suppose 4*a - q*m + 8*m - 172 = 0, -a + 3*m = -26. Suppose -85 - a = -3*c. What is the units digit of c?
1
Let w be (1 + 5)/((-3)/(-4)). Suppose 0 = -4*r - 3*j + w, -10 = -5*r - j + 11. Suppose r*f + 82 + 31 = 3*o, -4*f = 4*o - 172. What is the tens digit of o?
4
Let y = -18 - 50. Let g = -10 + y. Let t = 46 - g. What is the tens digit of t?
2
Suppose 0 = 16*r + 87 - 327. What is the tens digit of 5*((-9)/r + 1444/20)?
5
Let o = 398 - 395. Suppose t + 2*k - 7*k = 782, o*k = -t + 790. What is the tens digit of t?
8
Let t(o) = o - 5. Let v be t(11). Suppose 10*j + 832 = v*j. Let r = -134 - j. What is the units digit of r?
4
Let q be (0/2)/(-1) + 0/7. Suppose 2*a + a - 4*v - 6 = 0, q = 2*a + 5*v - 4. Suppose -2*x = n - 78, 328 = 4*n + a*x - 14. What is the tens digit of n?
8
Let m = 12069 + -4101. What is the tens digit of m?
6
Suppose 95*u = 91*u - 516. Let o = -115 - u. What is the hundreds digit of (-70)/4*(-120)/o?
1
Let t(u) = -u**3 - 5*u**2 + 7*u - 4. Let c be t(-5). Let n = c + 43. Suppose 3*i = 15, 0*j + n*j + 3*i = 347. What is the tens digit of j?
8
Let z(n) = 5*n**2 - 2*n - 3. Let j be (-69)/9 + 4/(-3) + 1. Let r be z(j). What is the tens digit of (4 - r/6)/(1/(-2))?
0
Let k be 88/3 + (-2)/(-3). Suppose -7*t + 54 = -k. Suppose -t + 7 = -5*i. What is the units digit of i?
1
Let o be 6/(((-1)/(-6))/((-24)/54)). Let h be (-114)/o + (-4)/32. Suppose -h*m + 9*m - 214 = 0. What is the hundreds digit of m?
1
Suppose -2*i + 31656 = 10*y, -2*i - 7411 + 39011 = 3*y. What is the hundreds digit of i?
7
Let b = 384 - 383. Let l be (62/(-5))/((-1)/5). Suppose -2*q + b + 98 = 5*z, l = q + 5*z. What is the tens digit of q?
3
Let z(b) = b**3 - b**2 - b. Suppose -2*s + 7 = 5*s. Let v(x) = -5*x**3 - 7*x**2 + 3.